{"id":1258,"date":"2021-06-24T09:28:15","date_gmt":"2021-06-24T09:28:15","guid":{"rendered":"https:\/\/aptn.pt\/46congresso\/?page_id=1258"},"modified":"2023-10-20T17:00:43","modified_gmt":"2023-10-20T17:00:43","slug":"regulamentos","status":"publish","type":"page","link":"https:\/\/aptn.pt\/46congresso\/pt\/regulamentos\/","title":{"rendered":"Regulamentos"},"content":{"rendered":"\t\t<div data-elementor-type=\"wp-page\" data-elementor-id=\"1258\" class=\"elementor elementor-1258\" data-elementor-settings=\"[]\">\n\t\t\t\t\t\t\t<div class=\"elementor-section-wrap\">\n\t\t\t\t\t\t\t<section class=\"elementor-section elementor-top-section elementor-element elementor-element-6e9ec86 animated-fast elementor-section-boxed elementor-section-height-default elementor-section-height-default elementor-invisible\" data-id=\"6e9ec86\" data-element_type=\"section\" data-settings=\"{&quot;background_background&quot;:&quot;classic&quot;,&quot;animation&quot;:&quot;fadeIn&quot;,&quot;animation_delay&quot;:600,&quot;_ha_eqh_enable&quot;:false}\">\n\t\t\t\t\t\t<div class=\"elementor-container elementor-column-gap-default\">\n\t\t\t\t\t<div class=\"elementor-column elementor-col-100 elementor-top-column elementor-element elementor-element-5f46738\" data-id=\"5f46738\" data-element_type=\"column\">\n\t\t\t<div class=\"elementor-widget-wrap elementor-element-populated\">\n\t\t\t\t\t\t\t\t<div class=\"elementor-element elementor-element-1a127bf elementor-widget elementor-widget-heading\" data-id=\"1a127bf\" data-element_type=\"widget\" data-widget_type=\"heading.default\">\n\t\t\t\t<div class=\"elementor-widget-container\">\n\t\t\t<h1 class=\"elementor-heading-title elementor-size-default\">Resultados das Comunica\u00e7\u00f5es Livres<\/h1>\t\t<\/div>\n\t\t\t\t<\/div>\n\t\t\t\t<div class=\"elementor-element elementor-element-a83167d elementor-widget elementor-widget-text-editor\" data-id=\"a83167d\" data-element_type=\"widget\" data-widget_type=\"text-editor.default\">\n\t\t\t\t<div class=\"elementor-widget-container\">\n\t\t\t\t\t\t\t<p>Ap\u00f3s sujeitas a processo de avalia\u00e7\u00e3o assente na originalidade, rigor cient\u00edfico, precis\u00e3o na interpreta\u00e7\u00e3o dos resultados e gest\u00e3o temporal das comunica\u00e7\u00f5es, os vencedores das comunica\u00e7\u00f5es orais livres nas diferentes categorias s\u00e3o:\u00a0\u00a0<\/p>\t\t\t\t\t\t<\/div>\n\t\t\t\t<\/div>\n\t\t\t\t<section class=\"elementor-section elementor-inner-section elementor-element elementor-element-5a1f19d elementor-section-boxed elementor-section-height-default elementor-section-height-default\" data-id=\"5a1f19d\" data-element_type=\"section\" data-settings=\"{&quot;_ha_eqh_enable&quot;:false}\">\n\t\t\t\t\t\t<div class=\"elementor-container elementor-column-gap-default\">\n\t\t\t\t\t<div class=\"elementor-column elementor-col-50 elementor-inner-column elementor-element elementor-element-6c3bb73\" data-id=\"6c3bb73\" data-element_type=\"column\" data-settings=\"{&quot;background_background&quot;:&quot;classic&quot;}\">\n\t\t\t<div class=\"elementor-widget-wrap elementor-element-populated\">\n\t\t\t\t\t\t\t\t<div class=\"elementor-element elementor-element-6ab496b elementor-widget elementor-widget-heading\" data-id=\"6ab496b\" data-element_type=\"widget\" data-widget_type=\"heading.default\">\n\t\t\t\t<div class=\"elementor-widget-container\">\n\t\t\t<h2 class=\"elementor-heading-title elementor-size-default\">Treino desportivo e performance<\/h2>\t\t<\/div>\n\t\t\t\t<\/div>\n\t\t\t\t\t<\/div>\n\t\t<\/div>\n\t\t\t\t<div class=\"elementor-column elementor-col-50 elementor-inner-column elementor-element elementor-element-b276156\" data-id=\"b276156\" data-element_type=\"column\">\n\t\t\t<div class=\"elementor-widget-wrap elementor-element-populated\">\n\t\t\t\t\t\t\t\t<div class=\"elementor-element elementor-element-913cde9 elementor-invisible elementor-widget elementor-widget-text-editor\" data-id=\"913cde9\" data-element_type=\"widget\" data-settings=\"{&quot;_animation&quot;:&quot;slideInRight&quot;}\" data-widget_type=\"text-editor.default\">\n\t\t\t\t<div class=\"elementor-widget-container\">\n\t\t\t\t\t\t\t<p style=\"font-weight: 400;\"><strong>1\u00ba lugar <em><span style=\"color: #ff0059;\">Francisco A. Ferreira, Catarina C. Santos, Susana Soares, Ricardo J. Fernandes, Jo\u00e3o Paulo Vilas-Boas, M\u00e1rio J. Costa<\/span><\/em><\/strong><em><span style=\"color: #ff0059;\">.<\/span><\/em> Compara\u00e7\u00e3o das caracter\u00edsticas esp\u00e1cio-temporais entre duas variantes da a\u00e7\u00e3o subaqu\u00e1tica na t\u00e9cnica de bru\u00e7os<\/p><p style=\"font-weight: 400;\"><strong>2\u00ba lugar <em><span style=\"color: #ff0059;\">Tatiana Sampaio, Jo\u00e3o P Oliveira, Daniel A Marinho, Tiago M Barbosa, Jorge E Morais<\/span><\/em><\/strong> Rela\u00e7\u00e3o entre o coeficiente de arrasto passivo e ativo na t\u00e9cnica de crol<\/p><p style=\"font-weight: 400;\"><strong>3\u00ba lugar (ex-aequo) <em><span style=\"color: #ff0059;\">Catarina C. Santos, Daniel A. Marinho, Aldo M. Costa, M\u00e1rio J. Costa<\/span><\/em><\/strong> Perceptions and practices of swimming coaches according to certification level: a preliminary study on biomechanical assessment<\/p><p><strong>3\u00ba lugar (ex-aequo) <em><span style=\"color: #ff0059;\">Leandro Vieira, Susana Soares, M\u00e1rio J. Costa, Ricardo J. Fernandes; Francisco A. Ferreira; M\u00e1rcio Goethel, Jo\u00e3o Paulo Vilas-Boas<\/span><\/em><\/strong> Compara\u00e7\u00e3o da velocidade intraciclica de nado obtida por unidade inercial e por veloc\u00edmetro<\/p>\t\t\t\t\t\t<\/div>\n\t\t\t\t<\/div>\n\t\t\t\t\t<\/div>\n\t\t<\/div>\n\t\t\t\t\t\t\t<\/div>\n\t\t<\/section>\n\t\t\t\t<div class=\"elementor-element elementor-element-3609ac9 elementor-widget elementor-widget-spacer\" data-id=\"3609ac9\" data-element_type=\"widget\" data-widget_type=\"spacer.default\">\n\t\t\t\t<div class=\"elementor-widget-container\">\n\t\t\t\t\t<div class=\"elementor-spacer\">\n\t\t\t<div class=\"elementor-spacer-inner\"><\/div>\n\t\t<\/div>\n\t\t\t\t<\/div>\n\t\t\t\t<\/div>\n\t\t\t\t<section class=\"elementor-section elementor-inner-section elementor-element elementor-element-cde359d elementor-section-boxed elementor-section-height-default elementor-section-height-default\" data-id=\"cde359d\" data-element_type=\"section\" data-settings=\"{&quot;_ha_eqh_enable&quot;:false}\">\n\t\t\t\t\t\t<div class=\"elementor-container elementor-column-gap-default\">\n\t\t\t\t\t<div class=\"elementor-column elementor-col-50 elementor-inner-column elementor-element elementor-element-5c31f40\" data-id=\"5c31f40\" data-element_type=\"column\" data-settings=\"{&quot;background_background&quot;:&quot;classic&quot;}\">\n\t\t\t<div class=\"elementor-widget-wrap elementor-element-populated\">\n\t\t\t\t\t\t\t\t<div class=\"elementor-element elementor-element-444dcda elementor-widget elementor-widget-heading\" data-id=\"444dcda\" data-element_type=\"widget\" data-widget_type=\"heading.default\">\n\t\t\t\t<div class=\"elementor-widget-container\">\n\t\t\t<h2 class=\"elementor-heading-title elementor-size-default\">Ensino da nata\u00e7\u00e3o<\/h2>\t\t<\/div>\n\t\t\t\t<\/div>\n\t\t\t\t\t<\/div>\n\t\t<\/div>\n\t\t\t\t<div class=\"elementor-column elementor-col-50 elementor-inner-column elementor-element elementor-element-705958d\" data-id=\"705958d\" data-element_type=\"column\">\n\t\t\t<div class=\"elementor-widget-wrap elementor-element-populated\">\n\t\t\t\t\t\t\t\t<div class=\"elementor-element elementor-element-4518bae elementor-invisible elementor-widget elementor-widget-text-editor\" data-id=\"4518bae\" data-element_type=\"widget\" data-settings=\"{&quot;_animation&quot;:&quot;slideInRight&quot;}\" data-widget_type=\"text-editor.default\">\n\t\t\t\t<div class=\"elementor-widget-container\">\n\t\t\t\t\t\t\t<p style=\"font-weight: 400;\"><strong>1\u00ba lugar <em><span style=\"color: #ff0058;\">Rita Fonseca-Pinto, Juan Antonio Moreno Murcia<\/span><\/em><\/strong> Diferen\u00e7as culturais entre os pa\u00edses ibero-americanos nos m\u00e9todos de ensino, MAC e perce\u00e7\u00e3o de autoefic\u00e1cia<\/p><p style=\"font-weight: 400;\"><strong>2\u00ba lugar <em><span style=\"color: #ff0059;\">Marta Machado, Ana Espingardeiro, Luana Domingues, Francisco A. Ferreira, Susana Soares, M\u00e1rio J. Costa, Ricardo J. Fernandes<\/span><\/em><\/strong> Utiliza\u00e7\u00e3o de drills para o aperfei\u00e7oamento da t\u00e9cnica de crol<\/p><p><strong>3\u00ba lugar <span style=\"color: #ff0059;\"><em>Zs\u00f3fia Kov\u00e1cs, P\u00e9ter Szab\u00f3, Gy\u00f6ngyv\u00e9r Priszt\u00f3ka<\/em><\/span><\/strong> The content analysis of school swimming education in Hungary<\/p>\t\t\t\t\t\t<\/div>\n\t\t\t\t<\/div>\n\t\t\t\t\t<\/div>\n\t\t<\/div>\n\t\t\t\t\t\t\t<\/div>\n\t\t<\/section>\n\t\t\t\t<div class=\"elementor-element elementor-element-871083e elementor-widget elementor-widget-spacer\" data-id=\"871083e\" data-element_type=\"widget\" data-widget_type=\"spacer.default\">\n\t\t\t\t<div class=\"elementor-widget-container\">\n\t\t\t\t\t<div class=\"elementor-spacer\">\n\t\t\t<div class=\"elementor-spacer-inner\"><\/div>\n\t\t<\/div>\n\t\t\t\t<\/div>\n\t\t\t\t<\/div>\n\t\t\t\t<section class=\"elementor-section elementor-inner-section elementor-element elementor-element-cac197f elementor-section-boxed elementor-section-height-default elementor-section-height-default\" data-id=\"cac197f\" data-element_type=\"section\" data-settings=\"{&quot;_ha_eqh_enable&quot;:false}\">\n\t\t\t\t\t\t<div class=\"elementor-container elementor-column-gap-default\">\n\t\t\t\t\t<div class=\"elementor-column elementor-col-50 elementor-inner-column elementor-element elementor-element-8bfb320\" data-id=\"8bfb320\" data-element_type=\"column\" data-settings=\"{&quot;background_background&quot;:&quot;classic&quot;}\">\n\t\t\t<div class=\"elementor-widget-wrap elementor-element-populated\">\n\t\t\t\t\t\t\t\t<div class=\"elementor-element elementor-element-011a868 elementor-widget elementor-widget-heading\" data-id=\"011a868\" data-element_type=\"widget\" data-widget_type=\"heading.default\">\n\t\t\t\t<div class=\"elementor-widget-container\">\n\t\t\t<h2 class=\"elementor-heading-title elementor-size-default\">Fitness aqu\u00e1tico<\/h2>\t\t<\/div>\n\t\t\t\t<\/div>\n\t\t\t\t\t<\/div>\n\t\t<\/div>\n\t\t\t\t<div class=\"elementor-column elementor-col-50 elementor-inner-column elementor-element elementor-element-8815440\" data-id=\"8815440\" data-element_type=\"column\">\n\t\t\t<div class=\"elementor-widget-wrap elementor-element-populated\">\n\t\t\t\t\t\t\t\t<div class=\"elementor-element elementor-element-ce76d08 elementor-invisible elementor-widget elementor-widget-text-editor\" data-id=\"ce76d08\" data-element_type=\"widget\" data-settings=\"{&quot;_animation&quot;:&quot;slideInRight&quot;}\" data-widget_type=\"text-editor.default\">\n\t\t\t\t<div class=\"elementor-widget-container\">\n\t\t\t\t\t\t\t<p style=\"font-weight: 400;\"><b>1\u00balugar <em><span style=\"color: #ff0059;\">Catarina C. Santos, Carlos Farinha, M\u00e1rio J. Costa<\/span><\/em><\/b> The effect of different buoyant dumbbells in heart rate and perceived exertion of older women during a water fitness exercise<\/p><p><b>2\u00balugar <em><span style=\"color: #ff0059;\">Nuno Pereira, Catarina C. Santos, M\u00e1rio J. Costa, Paula Santos, Susana Soares<\/span><\/em><\/b> Compara\u00e7\u00e3o cinem\u00e1tica do movimento Cross Country Ski em hidrogin\u00e1stica coreografada e n\u00e3o coreografada<\/p>\t\t\t\t\t\t<\/div>\n\t\t\t\t<\/div>\n\t\t\t\t\t<\/div>\n\t\t<\/div>\n\t\t\t\t\t\t\t<\/div>\n\t\t<\/section>\n\t\t\t\t<div class=\"elementor-element elementor-element-0873ac9 elementor-widget elementor-widget-spacer\" data-id=\"0873ac9\" data-element_type=\"widget\" data-widget_type=\"spacer.default\">\n\t\t\t\t<div class=\"elementor-widget-container\">\n\t\t\t\t\t<div class=\"elementor-spacer\">\n\t\t\t<div class=\"elementor-spacer-inner\"><\/div>\n\t\t<\/div>\n\t\t\t\t<\/div>\n\t\t\t\t<\/div>\n\t\t\t\t\t<\/div>\n\t\t<\/div>\n\t\t\t\t\t\t\t<\/div>\n\t\t<\/section>\n\t\t\t\t<section class=\"elementor-section elementor-top-section elementor-element elementor-element-c3382cf elementor-section-boxed elementor-section-height-default elementor-section-height-default\" data-id=\"c3382cf\" data-element_type=\"section\" data-settings=\"{&quot;_ha_eqh_enable&quot;:false}\">\n\t\t\t\t\t\t<div class=\"elementor-container elementor-column-gap-default\">\n\t\t\t\t\t<div class=\"elementor-column elementor-col-100 elementor-top-column elementor-element elementor-element-fd7ad3a\" data-id=\"fd7ad3a\" data-element_type=\"column\">\n\t\t\t<div class=\"elementor-widget-wrap elementor-element-populated\">\n\t\t\t\t\t\t\t\t<div class=\"elementor-element elementor-element-6d6353f elementor-widget elementor-widget-heading\" data-id=\"6d6353f\" data-element_type=\"widget\" data-widget_type=\"heading.default\">\n\t\t\t\t<div class=\"elementor-widget-container\">\n\t\t\t<h1 class=\"elementor-heading-title elementor-size-default\">REGULAMENTO COMUNICA\u00c7\u00d5ES LIVRES<\/h1>\t\t<\/div>\n\t\t\t\t<\/div>\n\t\t\t\t<div class=\"elementor-element elementor-element-c04db4a elementor-widget elementor-widget-heading\" data-id=\"c04db4a\" data-element_type=\"widget\" data-widget_type=\"heading.default\">\n\t\t\t\t<div class=\"elementor-widget-container\">\n\t\t\t<h1 class=\"elementor-heading-title elementor-size-default\">[Regulamento cient\u00edfico]<\/h1>\t\t<\/div>\n\t\t\t\t<\/div>\n\t\t\t\t<div class=\"elementor-element elementor-element-ce6c44c elementor-widget elementor-widget-text-editor\" data-id=\"ce6c44c\" data-element_type=\"widget\" data-widget_type=\"text-editor.default\">\n\t\t\t\t<div class=\"elementor-widget-container\">\n\t\t\t\t\t\t\t<p>A Associa\u00e7\u00e3o Portuguesa de T\u00e9cnicos de Nata\u00e7\u00e3o (APTN) convida todos os interessados a apresentar uma comunica\u00e7\u00e3o livre no 46\u00ba Congresso T\u00e9cnico-Cient\u00edfico a decorrer em Viana do Castelo nos dias 14 e 15 de outubro de 2023. As propostas dever\u00e3o ser trabalhos originais (n\u00e3o previamente publicados ou submetidos a publica\u00e7\u00e3o) ou propostas metodol\u00f3gicas no \u00e2mbito da nata\u00e7\u00e3o e das atividades aqu\u00e1ticas. Os trabalhos dever\u00e3o ser submetidos em formato de resumo e enquadrados numa das seguintes \u00e1reas tem\u00e1ticas: (i) treino desportivo e performance; (ii) ensino da nata\u00e7\u00e3o e suas vertentes; (iii) fitness e terapia aqu\u00e1tica; (iv) dire\u00e7\u00e3o t\u00e9cnica e gest\u00e3o de piscinas.<\/p><p>As propostas dever\u00e3o ser escritas em l\u00edngua inglesa ou portuguesa recorrendo ao Microsoft Word numa vers\u00e3o n\u00e3o anterior a 97\/03, em formato A4, com 2.5 cm de margens, fonte Arial tamanho 11, espa\u00e7amento duplo e n\u00e3o excedendo a extens\u00e3o de <strong>duas p\u00e1ginas<\/strong>. O(s) nome(s) do(s) autor(es), sem graus acad\u00e9micos, devem ser apresentados separados por v\u00edrgulas. As afilia\u00e7\u00f5es institucionais poder\u00e3o estar em formato num\u00e9rico junto ao apelido, mas dever\u00e3o ter correspond\u00eancia no seguimento da folha com fonte tamanho 8. As refer\u00eancias bibliogr\u00e1ficas (a existir) ser\u00e3o no m\u00e1ximo tr\u00eas. A vers\u00e3o finalizada dos trabalhos dever\u00e1 ser enviada em formato *.docx para o endere\u00e7o de correio eletr\u00f3nico <a href=\"mailto:geral@aptn.pt\">geral@aptn.pt<\/a> at\u00e9 <strong>31 de julho de 2023<\/strong>. Poder\u00e3o visualizar um exemplo da estrutura\u00e7\u00e3o do resumo no anexo ao presente regulamento. No momento da submiss\u00e3o <strong>dever\u00e1 ser comunicada a \u00e1rea tem\u00e1tica<\/strong> na qual se enquadra o trabalho. Cada autor poder\u00e1 apresentar no m\u00e1ximo duas comunica\u00e7\u00f5es (n\u00e3o sendo obrigat\u00f3rio que este seja o 1\u00ba autor). N\u00e3o existe limite no n\u00famero de propostas para comunica\u00e7\u00e3o oral em formato de coautoria.<\/p><p>Ap\u00f3s finalizado o per\u00edodo de submiss\u00f5es todos trabalhos ter\u00e3o revis\u00e3o por pares. Os autores ser\u00e3o informados sobre o estado da submiss\u00e3o (aceite, revis\u00f5es requeridas ou rejeitado) at\u00e9 ao dia <strong>15 de setembro de 2023<\/strong>. Em caso de aceita\u00e7\u00e3o do resumo, este dever\u00e1 ser apresentado sob o formato de comunica\u00e7\u00e3o oral, tendo, para tal, 10 min para a sua apresenta\u00e7\u00e3o, seguindo-se a respetiva discuss\u00e3o. Consoante o n\u00famero de trabalhos submetidos, a APTN poder\u00e1 direcionar o resumo para exposi\u00e7\u00e3o em formato poster. Todas as comunica\u00e7\u00f5es orais ser\u00e3o sujeitas a um processo de avalia\u00e7\u00e3o assente na originalidade, rigor cient\u00edfico, precis\u00e3o na interpreta\u00e7\u00e3o dos resultados e gest\u00e3o temporal da comunica\u00e7\u00e3o. Um certificado de m\u00e9rito cient\u00edfico ser\u00e1 atribu\u00eddo \u00e0s tr\u00eas melhores comunica\u00e7\u00f5es dentro de cada t\u00f3pico de submiss\u00e3o.<\/p><p>Todos os resumos aceites ser\u00e3o publicados posteriormente num n\u00famero especial na revista Motricidade (<a href=\"http:\/\/revistas.rcaap.pt\/motricidade\">http:\/\/revistas.rcaap.pt\/motricidade<\/a>) com indexa\u00e7\u00e3o Scopus. Por cada trabalho aceite para comunica\u00e7\u00e3o oral, ser\u00e1 ainda atribu\u00eddo um voucher de desconto de 50% sobre o investimento no congresso (a atribuir ao orador).<\/p>\t\t\t\t\t\t<\/div>\n\t\t\t\t<\/div>\n\t\t\t\t\t<\/div>\n\t\t<\/div>\n\t\t\t\t\t\t\t<\/div>\n\t\t<\/section>\n\t\t\t\t\t\t<\/div>\n\t\t\t\t\t<\/div>\n\t\t","protected":false},"excerpt":{"rendered":"<p>Resultados das Comunica\u00e7\u00f5es Livres Ap\u00f3s sujeitas a processo de avalia\u00e7\u00e3o assente na originalidade, rigor cient\u00edfico, precis\u00e3o na interpreta\u00e7\u00e3o dos resultados e gest\u00e3o temporal das comunica\u00e7\u00f5es, os vencedores das comunica\u00e7\u00f5es orais livres nas diferentes categorias s\u00e3o:\u00a0\u00a0 Treino desportivo e performance 1\u00ba lugar Francisco A. Ferreira, Catarina C. Santos, Susana Soares, Ricardo J. Fernandes, Jo\u00e3o Paulo Vilas-Boas, [&hellip;]<\/p>\n","protected":false},"author":1,"featured_media":0,"parent":0,"menu_order":7,"comment_status":"closed","ping_status":"closed","template":"elementor_canvas","meta":[],"_links":{"self":[{"href":"https:\/\/aptn.pt\/46congresso\/wp-json\/wp\/v2\/pages\/1258"}],"collection":[{"href":"https:\/\/aptn.pt\/46congresso\/wp-json\/wp\/v2\/pages"}],"about":[{"href":"https:\/\/aptn.pt\/46congresso\/wp-json\/wp\/v2\/types\/page"}],"author":[{"embeddable":true,"href":"https:\/\/aptn.pt\/46congresso\/wp-json\/wp\/v2\/users\/1"}],"replies":[{"embeddable":true,"href":"https:\/\/aptn.pt\/46congresso\/wp-json\/wp\/v2\/comments?post=1258"}],"version-history":[{"count":71,"href":"https:\/\/aptn.pt\/46congresso\/wp-json\/wp\/v2\/pages\/1258\/revisions"}],"predecessor-version":[{"id":4837,"href":"https:\/\/aptn.pt\/46congresso\/wp-json\/wp\/v2\/pages\/1258\/revisions\/4837"}],"wp:attachment":[{"href":"https:\/\/aptn.pt\/46congresso\/wp-json\/wp\/v2\/media?parent=1258"}],"curies":[{"name":"wp","href":"https:\/\/api.w.org\/{rel}","templated":true}]}}