{"id":1258,"date":"2021-06-24T09:28:15","date_gmt":"2021-06-24T09:28:15","guid":{"rendered":"https:\/\/aptn.pt\/1congresso\/?page_id=1258"},"modified":"2024-03-11T12:51:44","modified_gmt":"2024-03-11T12:51:44","slug":"regulamentos","status":"publish","type":"page","link":"https:\/\/aptn.pt\/1convencaogestao\/pt\/regulamentos\/","title":{"rendered":"Regulamentos"},"content":{"rendered":"\t\t<div data-elementor-type=\"wp-page\" data-elementor-id=\"1258\" class=\"elementor elementor-1258\" data-elementor-settings=\"[]\">\n\t\t\t\t\t\t\t<div class=\"elementor-section-wrap\">\n\t\t\t\t\t\t\t<section class=\"elementor-section elementor-top-section elementor-element elementor-element-6e9ec86 animated-fast elementor-section-boxed elementor-section-height-default elementor-section-height-default elementor-invisible\" data-id=\"6e9ec86\" data-element_type=\"section\" data-settings=\"{&quot;background_background&quot;:&quot;classic&quot;,&quot;animation&quot;:&quot;fadeIn&quot;,&quot;animation_delay&quot;:600,&quot;_ha_eqh_enable&quot;:false}\">\n\t\t\t\t\t\t<div class=\"elementor-container elementor-column-gap-default\">\n\t\t\t\t\t<div class=\"elementor-column elementor-col-100 elementor-top-column elementor-element elementor-element-5f46738\" data-id=\"5f46738\" data-element_type=\"column\">\n\t\t\t<div class=\"elementor-widget-wrap elementor-element-populated\">\n\t\t\t\t\t\t\t\t<section class=\"elementor-section elementor-inner-section elementor-element elementor-element-5a1f19d elementor-section-boxed elementor-section-height-default elementor-section-height-default\" data-id=\"5a1f19d\" data-element_type=\"section\" data-settings=\"{&quot;_ha_eqh_enable&quot;:false}\">\n\t\t\t\t\t\t<div class=\"elementor-container elementor-column-gap-default\">\n\t\t\t\t\t<div class=\"elementor-column elementor-col-50 elementor-inner-column elementor-element elementor-element-6c3bb73\" data-id=\"6c3bb73\" data-element_type=\"column\" data-settings=\"{&quot;background_background&quot;:&quot;classic&quot;}\">\n\t\t\t<div class=\"elementor-widget-wrap elementor-element-populated\">\n\t\t\t\t\t\t\t\t<div class=\"elementor-element elementor-element-6ab496b elementor-widget elementor-widget-heading\" data-id=\"6ab496b\" data-element_type=\"widget\" data-widget_type=\"heading.default\">\n\t\t\t\t<div class=\"elementor-widget-container\">\n\t\t\t<h2 class=\"elementor-heading-title elementor-size-default\">Convite a comunica\u00e7\u00f5es t\u00e9cnicas<\/h2>\t\t<\/div>\n\t\t\t\t<\/div>\n\t\t\t\t\t<\/div>\n\t\t<\/div>\n\t\t\t\t<div class=\"elementor-column elementor-col-50 elementor-inner-column elementor-element elementor-element-b276156\" data-id=\"b276156\" data-element_type=\"column\">\n\t\t\t<div class=\"elementor-widget-wrap elementor-element-populated\">\n\t\t\t\t\t\t\t\t<div class=\"elementor-element elementor-element-913cde9 elementor-invisible elementor-widget elementor-widget-text-editor\" data-id=\"913cde9\" data-element_type=\"widget\" data-settings=\"{&quot;_animation&quot;:&quot;slideInRight&quot;}\" data-widget_type=\"text-editor.default\">\n\t\t\t\t<div class=\"elementor-widget-container\">\n\t\t\t\t\t\t\t<p>A APTN convida todos os interessados a apresentar uma comunica\u00e7\u00e3o livre na 1\u00ba Conven\u00e7\u00e3o nacional de gestores e diretores t\u00e9cnicos de piscinas no dia <strong>12 de maio de 2024<\/strong>. Ser\u00e3o aceites as propostas de comunica\u00e7\u00e3o de \u00e2mbito t\u00e9cnico e enquadradas nas mais diversas atividades profissionais de gest\u00e3o e organiza\u00e7\u00e3o de piscinas, nomeadamente: (i) atendimento ao p\u00fablico; (ii) marketing e comunica\u00e7\u00e3o; (ii) sustentabilidade e manuten\u00e7\u00e3o; (iv) manual de opera\u00e7\u00f5es; (v) gest\u00e3o de recursos humanos; (vi) organiza\u00e7\u00e3o t\u00e9cnico-pedag\u00f3gica da escola de nata\u00e7\u00e3o.<\/p><p>As propostas dever\u00e3o ser enviada em formato *.docx para o endere\u00e7o de correio eletr\u00f3nico da APTN (geral@aptn.pt) at\u00e9 <b>15 de abril de 2024<\/b>. O documento deve estar escrito em l\u00edngua portuguesa, em formato A4, fonte Arial tamanho 11, espa\u00e7amento duplo e n\u00e3o deve exceder a extens\u00e3o de duas p\u00e1ginas. Ap\u00f3s o t\u00edtulo da proposta, que deve sucinto e contido numa \u00fanica linha, devem ser identificados os respetivos autor(es), sem graus acad\u00e9micos, e separados por v\u00edrgulas. As afilia\u00e7\u00f5es institucionais de cada autor poder\u00e3o estar em formato num\u00e9rico junto ao apelido. As refer\u00eancias bibliogr\u00e1ficas (a existir) ser\u00e3o no m\u00e1ximo tr\u00eas.<\/p><p>Ap\u00f3s finalizado o per\u00edodo de submiss\u00f5es todos as propostas ser\u00e3o revistas na sua adequa\u00e7\u00e3o e pertin\u00eancia. Os autores ser\u00e3o informados sobre o estado de submiss\u00e3o da proposta(aceite ou preterida) at\u00e9 ao dia <strong>19 de abril de 2024<\/strong>. Em caso de aceita\u00e7\u00e3o da proposta, o autor principal (a informar no resumo) ter\u00e1 10 minutos para a sua apresenta\u00e7\u00e3o, seguindo-se a respetiva discuss\u00e3o.<\/p><p style=\"font-weight: 400;\">O programa final do evento ser\u00e1 atualizado com o t\u00edtulo e autores das propostas aceites, que ser\u00e3o adicionalmente publicadas e distribu\u00eddas pela APTN em livro de atas especifico. Ser\u00e1 ainda atribu\u00eddo ao orador um <em>voucher<\/em> de desconto de 50% sobre o investimento na conven\u00e7\u00e3o.<\/p>\t\t\t\t\t\t<\/div>\n\t\t\t\t<\/div>\n\t\t\t\t\t<\/div>\n\t\t<\/div>\n\t\t\t\t\t\t\t<\/div>\n\t\t<\/section>\n\t\t\t\t<div class=\"elementor-element elementor-element-3609ac9 elementor-widget elementor-widget-spacer\" data-id=\"3609ac9\" data-element_type=\"widget\" data-widget_type=\"spacer.default\">\n\t\t\t\t<div class=\"elementor-widget-container\">\n\t\t\t\t\t<div class=\"elementor-spacer\">\n\t\t\t<div class=\"elementor-spacer-inner\"><\/div>\n\t\t<\/div>\n\t\t\t\t<\/div>\n\t\t\t\t<\/div>\n\t\t\t\t<section class=\"elementor-section elementor-inner-section elementor-element elementor-element-cde359d elementor-section-boxed elementor-section-height-default elementor-section-height-default\" data-id=\"cde359d\" data-element_type=\"section\" data-settings=\"{&quot;_ha_eqh_enable&quot;:false}\">\n\t\t\t\t\t\t<div class=\"elementor-container elementor-column-gap-default\">\n\t\t\t\t\t<div class=\"elementor-column elementor-col-50 elementor-inner-column elementor-element elementor-element-5c31f40\" data-id=\"5c31f40\" data-element_type=\"column\" data-settings=\"{&quot;background_background&quot;:&quot;classic&quot;}\">\n\t\t\t<div class=\"elementor-widget-wrap elementor-element-populated\">\n\t\t\t\t\t\t\t\t<div class=\"elementor-element elementor-element-444dcda elementor-widget elementor-widget-heading\" data-id=\"444dcda\" data-element_type=\"widget\" data-widget_type=\"heading.default\">\n\t\t\t\t<div class=\"elementor-widget-container\">\n\t\t\t<h2 class=\"elementor-heading-title elementor-size-default\">Modelo das comunica\u00e7\u00f5es<\/h2>\t\t<\/div>\n\t\t\t\t<\/div>\n\t\t\t\t\t<\/div>\n\t\t<\/div>\n\t\t\t\t<div class=\"elementor-column elementor-col-50 elementor-inner-column elementor-element elementor-element-705958d\" data-id=\"705958d\" data-element_type=\"column\">\n\t\t\t<div class=\"elementor-widget-wrap elementor-element-populated\">\n\t\t\t\t\t\t\t\t<div class=\"elementor-element elementor-element-4518bae elementor-invisible elementor-widget elementor-widget-text-editor\" data-id=\"4518bae\" data-element_type=\"widget\" data-settings=\"{&quot;_animation&quot;:&quot;slideInRight&quot;}\" data-widget_type=\"text-editor.default\">\n\t\t\t\t<div class=\"elementor-widget-container\">\n\t\t\t\t\t\t\t<p><strong>\u00a0<\/strong><strong>T\u00edtulo<\/strong><br \/><br \/>Autor <sup>1<\/sup>, Autor <sup>2<\/sup>, Autor <sup>3<\/sup>, Autor <sup>4<\/sup>, \u2026, \u2026<br \/><br \/><sup>1<\/sup> Afilia\u00e7\u00e3o autor; <sup>2<\/sup> Afilia\u00e7\u00e3o autor; <sup>3 <\/sup>Afilia\u00e7\u00e3o autor; <sup>4<\/sup> Afilia\u00e7\u00e3o autor \u2026<br \/><br \/>INTRODU\u00c7\u00c3O: breve enquadramento e objetivo do trabalho\/proposta\/medida.<br \/>\u2026<br \/>DESENVOLVIMENTO: breve descri\u00e7\u00e3o dos procedimentos e resultados alcan\u00e7ados ou esperados do trabalho\/proposta\/medida.<br \/>\u2026<br \/>CONCLUS\u00d5ES: reflex\u00e3o final com enfoque na aplicabilidade pr\u00e1tica do trabalho\/proposta\/medida.<br \/><br \/>REFER\u00caNCIAS BIBLIOGR\u00c1FICAS (caso aplic\u00e1vel):<br \/>Enunciar o financiamento obtido<\/p>\t\t\t\t\t\t<\/div>\n\t\t\t\t<\/div>\n\t\t\t\t\t<\/div>\n\t\t<\/div>\n\t\t\t\t\t\t\t<\/div>\n\t\t<\/section>\n\t\t\t\t<div class=\"elementor-element elementor-element-871083e elementor-widget elementor-widget-spacer\" data-id=\"871083e\" data-element_type=\"widget\" data-widget_type=\"spacer.default\">\n\t\t\t\t<div class=\"elementor-widget-container\">\n\t\t\t\t\t<div class=\"elementor-spacer\">\n\t\t\t<div class=\"elementor-spacer-inner\"><\/div>\n\t\t<\/div>\n\t\t\t\t<\/div>\n\t\t\t\t<\/div>\n\t\t\t\t\t<\/div>\n\t\t<\/div>\n\t\t\t\t\t\t\t<\/div>\n\t\t<\/section>\n\t\t\t\t\t\t<\/div>\n\t\t\t\t\t<\/div>\n\t\t","protected":false},"excerpt":{"rendered":"<p>Convite a comunica\u00e7\u00f5es t\u00e9cnicas A APTN convida todos os interessados a apresentar uma comunica\u00e7\u00e3o livre na 1\u00ba Conven\u00e7\u00e3o nacional de gestores e diretores t\u00e9cnicos de piscinas no dia 12 de maio de 2024. Ser\u00e3o aceites as propostas de comunica\u00e7\u00e3o de \u00e2mbito t\u00e9cnico e enquadradas nas mais diversas atividades profissionais de gest\u00e3o e organiza\u00e7\u00e3o de piscinas, [&hellip;]<\/p>\n","protected":false},"author":1,"featured_media":0,"parent":0,"menu_order":7,"comment_status":"closed","ping_status":"closed","template":"elementor_canvas","meta":[],"_links":{"self":[{"href":"https:\/\/aptn.pt\/1convencaogestao\/wp-json\/wp\/v2\/pages\/1258"}],"collection":[{"href":"https:\/\/aptn.pt\/1convencaogestao\/wp-json\/wp\/v2\/pages"}],"about":[{"href":"https:\/\/aptn.pt\/1convencaogestao\/wp-json\/wp\/v2\/types\/page"}],"author":[{"embeddable":true,"href":"https:\/\/aptn.pt\/1convencaogestao\/wp-json\/wp\/v2\/users\/1"}],"replies":[{"embeddable":true,"href":"https:\/\/aptn.pt\/1convencaogestao\/wp-json\/wp\/v2\/comments?post=1258"}],"version-history":[{"count":86,"href":"https:\/\/aptn.pt\/1convencaogestao\/wp-json\/wp\/v2\/pages\/1258\/revisions"}],"predecessor-version":[{"id":5193,"href":"https:\/\/aptn.pt\/1convencaogestao\/wp-json\/wp\/v2\/pages\/1258\/revisions\/5193"}],"wp:attachment":[{"href":"https:\/\/aptn.pt\/1convencaogestao\/wp-json\/wp\/v2\/media?parent=1258"}],"curies":[{"name":"wp","href":"https:\/\/api.w.org\/{rel}","templated":true}]}}